78?
1
What is the hundreds digit of 75124?
1
What is the tens digit of 588?
8
What is the hundreds digit of 19750?
7
What is the hundreds digit of 23754?
7
What is the tens digit of 6858?
5
What is the units digit of 4718?
8
What is the units digit of 45233?
3
What is the hundreds digit of 38682?
6
What is the thousands digit of 25288?
5
What is the units digit of 2825?
5
What is the hundreds digit of 27098?
0
What is the hundreds digit of 480?
4
What is the hundreds digit of 943?
9
What is the tens digit of 22027?
2
What is the units digit of 4161?
1
What is the tens digit of 2540?
4
What is the hundreds digit of 168078?
0
What is the units digit of 5744?
4
What is the ten thousands digit of 85093?
8
What is the tens digit of 24287?
8
What is the units digit of 339?
9
What is the tens digit of 92?
9
What is the tens digit of 14652?
5
What is the hundreds digit of 367?
3
What is the tens digit of 15396?
9
What is the thousands digit of 3837?
3
What is the units digit of 4480?
0
What is the units digit of 995?
5
What is the hundreds digit of 2835?
8
What is the units digit of 20090?
0
What is the hundreds digit of 1863?
8
What is the ten thousands digit of 87137?
8
What is the thousands digit of 148443?
8
What is the thousands digit of 85640?
5
What is the thousands digit of 1667?
1
What is the tens digit of 7305?
0
What is the thousands digit of 72141?
2
What is the units digit of 15236?
6
What is the tens digit of 2521?
2
What is the units digit of 9322?
2
What is the units digit of 2068?
8
What is the units digit of 1762?
2
What is the tens digit of 2128?
2
What is the tens digit of 8026?
2
What is the hundreds digit of 1558?
5
What is the units digit of 716?
6
What is the hundreds digit of 1728?
7
What is the units digit of 69?
9
What is the tens digit of 11486?
8
What is the tens digit of 509?
0
What is the units digit of 6829?
9
What is the units digit of 46004?
4
What is the hundreds digit of 3816?
8
What is the thousands digit of 25368?
5
What is the units digit of 9444?
4
What is the ten thousands digit of 29480?
2
What is the thousands digit of 2035?
2
What is the units digit of 10209?
9
What is the ten thousands digit of 28598?
2
What is the tens digit of 2728?
2
What is the hundreds digit of 45293?
2
What is the tens digit of 24664?
6
What is the tens digit of 13356?
5
What is the units digit of 28813?
3
What is the tens digit of 727?
2
What is the ten thousands digit of 68827?
6
What is the units digit of 199?
9
What is the thousands digit of 43632?
3
What is the thousands digit of 25755?
5
What is the tens digit of 603?
0
What is the tens digit of 39641?
4
What is the tens digit of 11233?
3
What is the units digit of 21283?
3
What is the thousands digit of 8755?
8
What is the hundreds digit of 19990?
9
What is the thousands digit of 1962?
1
What is the tens digit of 1420?
2
What is the units digit of 42111?
1
What is the thousands digit of 1906?
1
What is the tens digit of 36117?
1
What is the tens digit of 16891?
9
What is the hundreds digit of 5760?
7
What is the units digit of 14443?
3
What is the thousands digit of 9048?
9
What is the thousands digit of 81541?
1
What is the ten thousands digit of 43985?
4
What is the hundreds digit of 1609?
6
What is the ten thousands digit of 89591?
8
What is the tens digit of 938?
3
What is the tens digit of 692?
9
What is the tens digit of 51347?
4
What is the thousands digit of 1392?
1
What is the units digit of 520?
0
What is the units digit of 503?
3
What is the hundreds digit of 97168?
1
What is the thousands digit of 3612?
3
What is the tens digit of 961?
6
What is the thousands digit of 3915?
3
What is the hundreds digit of 101364?
3
What is the ten thousands digit of 17869?
1
What is the tens digit of 25194?
9
What is the hundreds digit of 673?
6
What is the tens digit of 38757?
5
What is the hundreds digit of 1273?
2
What is the hundreds digit of 255?
2
What is the units digit of 240?
0
What is the hundreds digit of 1632?
6
What is the units digit of 5137?
7
What is the units digit of 845?
5
What is the tens digit of 3957?
5
What is the thousands digit of 32806?
2
What is the hundreds digit of 74273?
2
What is the thousands digit of 127510?
7
What is the thousands digit of 3186?
3
What is the tens digit of 25760?
6
What is the tens digit of 49496?
9
What is the tens digit of 17186?
8
What is the tens digit of 5619?
1
What is the ten thousands digit of 11649?
1
What is the ten thousands digit of 29665?
2
What is the thousands digit of 8118?
8
What is the hundreds digit of 579?
5
What is the hundreds digit of 1224?
2
What is the hundreds digit of 5126?
1
What is the thousands digit of 8616?
8
What is the ten thousands digit of 11337?
1
What is the hundreds digit of 1178?
1
What is the thousands digit of 1019?
1
What is the hundreds digit of 5685?
6
What is the units digit of 11433?
3
What is the units digit of 1407?
7
What is the units digit of 68454?
4
What is the units digit of 6790?
0
What is the ten thousands digit of 55677?
5
What is the tens digit of 95328?
2
What is the thousands digit of 58101?
8
What is the hundreds digit of 102602?
6
What is the hundreds digit of 1821?
8
What is the tens digit of 1648?
4
What is the tens digit of 271?
7
What is the hundreds digit of 2531?
5
What is the units digit of 26027?
7
What is the units digit of 2845?
5
What is the hundreds digit of 21703?
7
What is the hundreds digit of 1762?
7
What is the tens digit of 9387?
8
What is the thousands digit of 1322?
1
What is the tens digit of 370?
7
What is the tens digit of 66781?
8
What is the ten thousands digit of 28506?
2
What is the tens digit of 189107?
0
What is the thousands digit of 7625?
7
What is the units digit of 2213?
3
What is the tens digit of 12385?
8
What is the units digit of 19404?
4
What is the thousands digit of 3176?
3
What is the tens digit of 11278?
7
What is the units digit of 316?
6
What is the ten thousands digit of 45566?
4
What is the tens digit of 104679?
7
What is the thousands digit of 113061?
3
What is the thousands digit of 4411?
4
What is the hundreds digit of 73713?
7
What is the ten thousands digit of 16283?
1
What is the tens digit of 9291?
9
What is the hundreds digit of 3671?
6
What is the hundreds digit of 2109?
1
What is the tens digit of 10584?
8
What is the ten thousands digit of 76023?
7
What is the hundreds digit of 831?
8
What is the thousands digit of 44797?
4
What is the tens digit of 4324?
2
What is the units digit of 1067?
7
What is the thousands digit of 16555?
6
What is the hundreds digit of 32056?
0
What is the units digit of 776?
6
What is the thousands digit of 5375?
5
What is the tens digit of 44830?
3
What is the units digit of 1413?
3
What is the tens digit of 22?
2
What is the ten thousands digit of 19186?
1
What is the ten thousands digit of 191562?
9
What is the tens digit of 42354?
5
What is the units digit of 36726?
6
What is the ten thousands digit of 22290?
2
What is the hundreds digit of 14040?
0
What is the hundreds digit of 542?
5
What is the tens digit of 5016?
1
What is the hundreds digit of 706?
7
What is the tens digit of 17313?
1
What is the tens digit of 2311?
1
What is the tens digit of 43741?
4
What is the hundreds digit of 305?
3
What is the hundreds digit of 629?
6
What is the tens digit of 377?
7
What is the thousands digit of 4185?
4
What is the hundreds digit of 1292?
2
What is the thousands digit of 85248?
5
What is the hundreds digit of 1848?
8
What is the hundreds digit of 1097?
0
What is the tens digit of 12866?
6
What is the units digit of 1935?
5
What is the units digit of 17389?
9
What is the tens digit of 19955?
5
What is the thousands digit of 25495?
5
What is the hundreds digit of 629?
6
What is the ten thousands digit of 98502?
9
What is the units digit of 2771?
1
What is the hundreds digit of 1110?
1
What is the ten thousands digit of 13915?
1
What is the tens digit of 6513?
1
What is the thousands digit of 23258?
3
What is the tens digit of 36619?
1
What is the thousands digit of 7468?
7
What is the thousands digit of 22230?
2
What is the thousands digit of 8104?
8
What is the tens digit of 4250?
5
What is the units digit of 4173?
3
What is the tens digit of 755?
5
What is the units digit of 425?
5
Wh